320832
In base 4, what is -1301202 - -230023?
-1011113
In base 7, what is -15 + -300113?
-300131
In base 8, what is -56424304 - 2?
-56424306
In base 4, what is -130113 + -213103313?
-213300032
In base 6, what is -250200231 - -2?
-250200225
In base 10, what is -1328493667 - -2?
-1328493665
In base 5, what is -422131 - 21040?
-443221
In base 5, what is 3223 - -11233414?
11242142
In base 10, what is -1429 - 807?
-2236
In base 5, what is -10 - 14333034323?
-14333034333
In base 3, what is -11 - 122212202121112?
-122212202121200
In base 4, what is 1 + 223120301323?
223120301330
In base 16, what is -30ea533 - 3?
-30ea536
In base 12, what is -38a52637 + b?
-38a52628
In base 8, what is 11 - 320652?
-320641
In base 6, what is -45203111 + 4?
-45203103
In base 4, what is -22023 - 22011?
-110100
In base 14, what is 21010a - -2a?
210136
In base 7, what is -2 - -52424126?
52424124
In base 7, what is -365040 - 2131?
-400201
In base 14, what is 4aa + -1173b?
-11271
In base 14, what is -8a9 + 1202?
737
In base 5, what is -113432404 - -2023?
-113430331
In base 3, what is -2112102200 - 20111?
-2112200011
In base 2, what is -1001110100000101000100000111 - 101?
-1001110100000101000100001100
In base 12, what is 614a843b + -2?
614a8439
In base 7, what is -2624 + 224330?
221403
In base 9, what is 866 + -717618?
-716642
In base 4, what is 3 + 13233313322102?
13233313322111
In base 12, what is 35a98b - 3?
35a988
In base 15, what is 73870ac + -2?
73870aa
In base 11, what is 1090299 + -4?
1090295
In base 7, what is -1 - 2266455261?
-2266455262
In base 10, what is -574 + -20026?
-20600
In base 4, what is -300112 + 100301033?
100000321
In base 8, what is -220724163 + 0?
-220724163
In base 4, what is 13302003003113 + -1?
13302003003112
In base 15, what is 46d - -7376?
77e4
In base 16, what is 1e0 + 25bbd?
25d9d
In base 15, what is -2c - aac963?
-aac990
In base 6, what is 11513 + -5205425?
-5153512
In base 10, what is -14002 + -2276?
-16278
In base 6, what is 112442 + 315525?
432411
In base 16, what is -9885 - 4a8?
-9d2d
In base 11, what is -322 - -15499?
15177
In base 11, what is 2967998 + 3?
29679a0
In base 2, what is 10100110110 + 1101001011010?
1111110010000
In base 9, what is -653841835 - -4?
-653841831
In base 11, what is 5367a0 - -549?
537239
In base 5, what is 3121 - 100110440?
-100102314
In base 8, what is 57 + 57573?
57652
In base 9, what is 115365111 + -1?
115365110
In base 7, what is -121 - 3353103?
-3353224
In base 15, what is -26 - -1725e1?
1725ba
In base 9, what is -3323 + -16115?
-20438
In base 12, what is 106 + -10038?
-bb32
In base 11, what is -881206 - -11?
-8811a5
In base 3, what is -110021202000 - 21012?
-110022000012
In base 7, what is -31205006 - 33?
-31205042
In base 2, what is -1101010101001010001 - -1011001000?
-1101010011110001001
In base 5, what is 124140023412 - -22?
124140023434
In base 10, what is -3846 + -30962?
-34808
In base 9, what is 8335 - 12872?
-3536
In base 14, what is -11c85 + -4c?
-11cd3
In base 7, what is -51 - -2366650?
2366566
In base 5, what is -10 + -321443401?
-321443411
In base 5, what is 1004 + -103002120?
-103001111
In base 6, what is -251304153 - -23?
-251304130
In base 8, what is -10 - -5613754?
5613744
In base 11, what is 2a4 - 31097?
-308a3
In base 2, what is -1010010101101010101110001 - 111?
-1010010101101010101111000
In base 5, what is 341423311 + 312?
341424123
In base 7, what is -10 - -3423025?
3423015
In base 14, what is 9418 - -b8?
94d2
In base 13, what is 1ba + -136c7?
-1350a
In base 4, what is -120203 + 23331002?
23210133
In base 16, what is -1b5ed - 2b5?
-1b8a2
In base 2, what is -101110100 - -10010010011111011011?
10010010011001100111
In base 8, what is 5612 + 137503?
145315
In base 16, what is 2051b1 - -2?
2051b3
In base 7, what is 32604416 - 2?
32604414
In base 16, what is 6a7 - -b16?
11bd
In base 8, what is 162 - -100410?
100572
In base 9, what is -475457 + -11?
-475468
In base 13, what is 12 + -54a1b?
-54a09
In base 13, what is 663b5 - -1?
663b6
In base 14, what is 28aa838b + -3?
28aa8388
In base 3, what is -2 - -2221021111122?
2221021111120
In base 9, what is -1634284 - -253?
-1634031
In base 13, what is -213b57ba + 0?
-213b57ba
In base 15, what is -4 - 299d5c8?
-299d5cc
In base 8, what is 2 + -36136354?
-36136352
In base 14, what is 532b4 - -2?
532b6
In base 10, what is -441 + 1411?
970
In base 13, what is -51592 - -8?
-51587
In base 14, what is -3450c8 + 5b?
-34506b
In base 16, what is dccd123 - -3?
dccd126
In base 6, what is 10302 - -11155?
21501
In base 12, what is -2a9103 + 4b?
-2a9074
In base 7, what is -14 - -45515514?
45515500
In base 4, what is 120303032112 + 121?
120303032233
In base 16, what is -33a41 + -c35?
-34676
In base 11, what is -10 + 372594?
372584
In base 16, what is -29 - -7d098f?
7d0966
In base 10, what is -12 - 2406462?
-2406474
In base 13, what is 87683 + -62?
87621
In base 8, what is -5 - 1760142?
-1760147
In base 5, what is 13 - 3224241123?
-3224241110
In base 13, what is -2 + b637638?
b637636
In base 14, what is -343135 + 5?
-343130
In base 5, what is 1132110221 + -312?
1132104404
In base 10, what is -4 + -24895181?
-24895185
In base 13, what is -5 - 18c0426?
-18c042b
In base 4, what is 3032 - 3001313?
-2332221
In base 7, what is 4 - -13625665?
13626002
In base 12, what is 18 + -10618a?
-106172
In base 3, what is 21010112202201 - 11?
21010112202120
In base 4, what is -1302131131 + -22?
-1302131213
In base 2, what is 1110000 + 1010001111?
1011111111
In base 11, what is -438764 - -144?
-438620
In base 15, what is c6c + 407?
1174
In base 15, what is 2cc3 - -720?
34e3
In base 5, what is -2422201 - 2334?
-2430040
In base 5, what is -3 + 14301011420?
14301011412
In base 4, what is 1230231031 - 1122?
1230223303
In base 2, what is 100101100101111111100111 + 1000?
100101100101111111101111
In base 7, what is -3600344 - -20?
-3600324
In base 6, what is 152425 + 242204?
435033
In base 8, what is -664667 - 435?
-665324
In base 10, what is -210501 - 5808?
-216309
In base 12, what is 0 - 6a6129?
-6a6129
In base 9, what is 4426 + -1708?
2617
In base 4, what is 11 - 222020003021?
-222020003010
In base 3, what is -20022211210021 + -10?
-20022211210101
In base 14, what is -2 - a6ad64?
-a6ad66
In base 14, what is 6570d5d - 5?
6570d58
In base 3, what is -201020 - 121212220100?
-121220121120
In base 15, what is -10a3 + -142?
-11e5
In base 15, what is 2c80d51 + -1?
2c80d50
In base 3, what is -111 - -2112022111122?
2112022111011
In base 13, what is -48251 + -79?
-482ca
In base 12, what is 2768b7 + 117?
276a12
In base 9, what is 5 + 172852245?
172852251
In base 4, what is -1 + -1020331323201?
-1020331323202
In base 14, what is 407 + -26594?
-2618b
In base 4, what is -3101312 - -100231?
-3001021
In base 8, what is 2511563 - -7?
2511572
In base 7, what is -3456 - -2106?
-1350
In base 9, what is -3 + -26516236?
-26516240
In base 3, what is 11 - 11212200202011002?
-11212200202010221
In base 13, what is -61 + -41a80?
-41b11
In base 14, what is -3bb7 - -1494?
-2723
In base 11, what is -1 + 4685269?
4685268
In base 10, what is 469 + 73282?
73751
In base 14, what is -33c39 + -c1?
-33d1a
In base 4, what is -20212 + 2100023?
2013211
In base 6, what is -22 + -123334333?
-123334355
In base 10, what is 1184006 - -58?
1184064
In base 6, what is 14151 + 520034?
534225
In base 3, what is -100211110011122 + -10?
-100211110011202
In base 11, what is -9 - 6011?
-601a
In base 14, what is bb0 + 83251?
84021
In base 7, what is 146532412 + 3?
146532415
In base 3, what is -11212220 + -1121120120?
-1210110110
In base 16, what is -16 - c7bf5?
-c7c0b
In base 4, what is 20130210333 + -10?
20130210323
In base 4, what is 10 - -1333331321302?
1333331321312
In base 3, what is 1020 + -202201001212101?
-202201001211011
In base 11, what is -9 - -199a88?
199a7a
In base 13, what is -ac82 - 31bc?
-11171
In base 6, what is -3352412003 - -4?
-3352411555
In base 4, what is 132102 - -32013120?
32211222
In base 15, what is -5 + 2621c52?
2621c4c
In base 3, what is 1111221110211012 - -12?
1111221110211101
In base 12, what is ba + -19b13?
-19a15
In base 3, what is -120010202 - -212200?
-112021002
In base 8, what is -521232 + 1730?
-517302
In base 10, what is -40419 - -309?
-40110
In base 14, what is 1b + 220833?
220850
In base 10, what is -17279